 greatest common divisor of 1 and w?
1
Let t = 128 - 95. Suppose 2*y - 220 = -0*y. Suppose 2*d - 7*d = -y. What is the greatest common factor of t and d?
11
Let l = 110 - 74. Calculate the greatest common divisor of l and 9.
9
Let u be (-227)/(-2) - 0 - 12/8. Calculate the highest common factor of 14 and u.
14
Let d be (-2)/4 - (-2295)/30. What is the highest common divisor of 38 and d?
38
Suppose 3*y = -0*f + 2*f + 80, -4*f - 134 = -5*y. Suppose -3*l = 3 + 3. Let r be 13/(l/40*-4). Calculate the highest common divisor of r and y.
13
Suppose -5*f - 538 = 1122. Let g = 521 + f. Calculate the highest common divisor of 27 and g.
27
Let m be (0 - 2)*(-9)/2. Let h = -186 + 204. Calculate the highest common divisor of m and h.
9
Suppose -628 = -4*g + g + i, 4*g - 5*i = 830. Calculate the highest common factor of g and 30.
30
Let b = -192 - -204. What is the greatest common divisor of b and 240?
12
Let p = -130 - -190. What is the greatest common factor of 15 and p?
15
Let z(x) = -10*x - 4. Suppose 0*o - 2*o - 4*p - 6 = 0, 4*p = -5*o + 9. Suppose 2*g - o*g = 12. Let i be z(g). What is the greatest common factor of 4 and i?
4
Let c be 8 + -7 + 2*4. Suppose l + 42 = q - c, 0 = -2*l + 10. Calculate the highest common divisor of q and 14.
14
Let v be 1 - (4/2 + -2). Let x = 4 - -3. What is the highest common divisor of v and x?
1
Let x(v) = -v**3 + 10*v**2 - 6*v + 3. Let i be x(9). Suppose 0 = 5*a - 0*a - i. Calculate the greatest common factor of 42 and a.
6
Let f = 2 - 1. Let a(m) = 2*m + 9. Let z be a(-4). Calculate the highest common divisor of f and z.
1
Let u(q) = q**2 - 6*q - 20. Let m be u(11). Suppose -5*i + 46 = 4*x, -4*x + 66 = -8*i + 3*i. Calculate the greatest common divisor of x and m.
7
Let b be 0/(3 + (-4 - -2)). Suppose -3*v - 15 = -6*v + x, 5*v + 2*x - 25 = b. Suppose -103 - 282 = -v*o. What is the greatest common divisor of 11 and o?
11
Suppose i - b = -3, 0 = 6*i - i + 4*b - 3. Let u be i + 1 - (-5 + 2). Suppose -106 = -3*y - 43. What is the greatest common divisor of y and u?
3
Let i(t) = -2*t**2 - t - 1. Let x be i(-1). Let k be 2*(2 - 3/6). Let a = x + k. Calculate the greatest common factor of a and 8.
1
Suppose f - 36 + 4 = 0. Calculate the highest common divisor of 80 and f.
16
Let n be 2/(-4)*(1 - 13 - 0). Calculate the greatest common factor of 4 and n.
2
Suppose -3*z - 19 = -n - z, 56 = 3*n - 5*z. Suppose 2*u - 18 = -0*j - 5*j, u + n = 4*j. Calculate the highest common factor of j and 12.
4
Let m(z) = -z**3 - 3*z**2 + 4*z - 2. Let n be m(-5). What is the greatest common divisor of n and 21?
7
Suppose -3*o - o + 36 = 0. Calculate the highest common factor of o and 54.
9
Suppose 8 + 4 = -3*x - r, -2*x + r - 3 = 0. Let q(d) = d + 2 + 0*d + 3*d**2 - 7*d**2 - 2*d**3. Let j be q(x). What is the highest common divisor of 119 and j?
17
Let n = 19 + -18. Calculate the greatest common factor of n and 5.
1
Let w be 10/20 + (-29)/(-2). Let m be (-5)/w + (-581)/3. Let b = -124 - m. Calculate the greatest common divisor of 14 and b.
14
Suppose -2*n - n = -4*g + 141, 2*g = 5*n + 81. Let h = g + -23. Suppose 0*q - 3*q + 2*s = -25, 15 = 5*q + 2*s. Calculate the greatest common factor of q and h.
5
Let c(t) = t**3 - 7*t**2 + 7*t - 1. Let b be c(6). Suppose -b*h = -0*h. Suppose 5*n - 182 - 18 = h. What is the greatest common factor of n and 16?
8
Let t = 4 - 4. Let l be 35 - t/((-4)/(-1)). What is the greatest common factor of 5 and l?
5
Suppose -15*m + 13*m + 52 = 0. Calculate the greatest common factor of 130 and m.
26
Let w = 84 + -78. Calculate the greatest common factor of 30 and w.
6
Let l = -218 - -473. What is the greatest common factor of l and 15?
15
Let z = -5 + 12. Suppose -4*a - 15 = a. Let b be a - ((-1 - -1) + -31). Calculate the highest common factor of b and z.
7
Let n be -3*1/(-9)*-579. Let o = -51 - n. Suppose 3*s - o = 4*y, -5*s + 327 = 2*y + 125. Calculate the greatest common factor of 6 and s.
6
Let b(l) = -l**2 + 9. Let p be b(0). Calculate the highest common factor of p and 27.
9
Let g(p) = p**2 - 11*p + 8. Let d be g(11). What is the greatest common divisor of d and 16?
8
Let y(g) = -g**3 + 8*g**2 - 4*g + 2. Let r be y(5). Suppose -2*v + 167 + r = 0. What is the highest common divisor of 16 and v?
16
Suppose 6*z - 185 = 103. What is the greatest common factor of 384 and z?
48
Suppose 659 = 4*q + 191. What is the highest common divisor of 13 and q?
13
Suppose 5*f = 3*i - 7*i + 93, -i = -5*f - 17. Suppose -8 = -s - 3*v, 4*s + v - i = -1. Calculate the greatest common divisor of s and 15.
5
Let k = -2 + 2. Let y be ((-112)/10)/(2/(-10)). Suppose o + k*o - 3*m - 54 = 0, y = o - 2*m. What is the highest common divisor of 12 and o?
12
Suppose 2*y - 20 = 2*x, 3*y + 2*x = 2*y + 10. Calculate the greatest common factor of y and 15.
5
Suppose 4*x = -5*a + 42, 27 - 5 = 2*x + 2*a. Suppose -x = -3*p + 11. Let q = p + 12. Calculate the highest common divisor of q and 8.
4
Let r be -3 + (35 - -5) + 5. What is the greatest common divisor of 21 and r?
21
Let o(i) = i**2 + 17*i + 25. Let r be o(-17). What is the greatest common factor of r and 5?
5
Suppose 7*q - 5*q = 68. What is the highest common factor of q and 374?
34
Suppose 120 = 3*g - 0*g. Calculate the greatest common factor of 5 and g.
5
Let z(g) = -13*g. Let l = 13 + -14. Let j be z(l). Let u = 0 + 13. Calculate the greatest common factor of u and j.
13
Let c = 6 - 6. Suppose -2*f - 5*i + 193 = c, -i + 405 = 5*f - 4*i. Calculate the highest common factor of 12 and f.
12
Let o be -4 - ((-15)/45)/((-1)/(-33)). What is the greatest common divisor of 1 and o?
1
Suppose -p + 0*p + 41 = 0. Suppose -n = 3*s - p, 2*s - 4*n - 4 = -0*n. Let d(t) = 10*t**2 - 6. Let b be d(-3). Calculate the highest common divisor of b and s.
12
Suppose -100 = -2*q - c + 5*c, 5*q = 2*c + 242. Let b be 15/4*28*24/21. Calculate the greatest common divisor of b and q.
24
Let m be (-2 + 3)/((-1)/(-2)). Let d = 7 + m. Let y be (2 - 1)/(1/27). What is the greatest common divisor of y and d?
9
Suppose -5*k + 172 = 427. Let m = k - -86. Let o be 40/3 + 2/3. What is the greatest common divisor of o and m?
7
Let g = 165 - 120. Calculate the highest common divisor of 9 and g.
9
Suppose 6 = -0*v - 2*v. Let c = -1 - v. Suppose 3 = 3*s - 0*h + 3*h, -3*s + 13 = h. What is the greatest common divisor of s and c?
2
Suppose 5*i = -d + 94, d - 5*d - i = -395. Suppose 0*q = 3*q - d. Let g be 74/7 + 3/7. What is the greatest common factor of q and g?
11
Suppose -g + 83 = 3. Let m(u) = 5*u**2 + 1. Let c be m(1). Suppose -3*k = -c*k + 30. Calculate the highest common factor of g and k.
10
Suppose 96*y = 101*y - 20. Calculate the greatest common divisor of 32 and y.
4
Suppose 2*n + 2 = 6. Suppose n*j + g = 21, -5*j + g + 35 = -0*j. What is the greatest common divisor of j and 56?
8
Let n(z) = z**3 + 5*z**2 - 7*z + 2. Let s be n(-6). Let r(h) = -21*h + 8*h + 4 - 3 - 2. Let a be r(-1). Calculate the greatest common factor of s and a.
4
Let q be ((-1)/(-2))/((-9)/(-900)). Calculate the greatest common divisor of q and 10.
10
Let p be (-75)/(-4) + (-65)/(-52). What is the greatest common factor of p and 4?
4
Let g = -2 - -2. Let b be -1*(-2 - 0 - g). Suppose 0*f + 5*f = 70. Calculate the greatest common factor of b and f.
2
Suppose -2*a + 14 = x - 7*a, -4*x - 16 = 4*a. Let l be (-3)/((2/2)/x). Let z be (-132)/8*(-2)/l. What is the greatest common factor of z and 11?
11
Suppose -2*u + 4*c = -3 - 37, 0 = 4*u - 2*c - 92. What is the highest common divisor of 8 and u?
8
Let d = 7 + -4. Let m be 0 + (21 - 3/d). Suppose w + 5*l + m = 6*w, -w = -5*l - 12. Calculate the greatest common factor of w and 18.
2
Let i be (4/(-6))/((-6)/45). Suppose 5*s - 5*a + 15 = -10*a, i*s = -a + 5. What is the greatest common divisor of s and 10?
2
Suppose s = 5*h - s + 1, -h + 3*s = 8. Suppose -a - h = -6. Calculate the greatest common divisor of a and 35.
5
Let j be 3 + -4 - (1 - 5). Let s be (-48)/(-9) + 2/3. What is the highest common divisor of j and s?
3
Let i(v) = -7*v - 12. Let o be i(-3). Let m be (36/(-10))/(3/(-15)). Let z = m - 9. Calculate the highest common divisor of o and z.
9
Suppose 2*g + j - 25 = -g, 0 = -5*g - 5*j + 45. Calculate the highest common divisor of 40 and g.
8
Let q = 33 - 19. Let c = 4 - -3. What is the highest common fact